)/16*1398 a prime number?
False
Let q = -589552 - -936279. Is q a prime number?
False
Suppose -5*c + 289093 = -3*b, 0 = -4*c + 2*b + b + 231272. Is c composite?
True
Let f = 8164 - 3010. Suppose 4*j = -2*j + f. Is j a composite number?
False
Suppose -2*p + 18 = 3*y, -7*y + 9*y = -3*p + 22. Suppose -p*x - 15*x = -70161. Is x composite?
True
Let f(j) = -j**3 - 48*j**2 + 50*j + 49. Let i be f(-49). Let t = -1124 - -2297. Suppose 2*g + i*n - n = t, -5*g = -5*n - 2930. Is g a composite number?
False
Is -11 - ((-45508068)/540 + 1/5) a prime number?
True
Let h = 248 + -246. Suppose 4*z + 314 = -u + 3*u, h*z = -3*u + 479. Is u composite?
True
Let g(a) = 144*a**2 - a - 2. Let i be g(-1). Suppose 3*v + 4*z - i = 1872, 0 = -3*z - 3. Is v a prime number?
True
Is 0/((-9)/36*-4) + 261251 a prime number?
True
Let l(n) = 0 - 115*n**2 + 12*n - 3 + 119*n**2 - 2. Is l(-12) prime?
False
Suppose -3*g + 2936751 = 5*h, 4515466 - 599820 = 4*g + 3*h. Is g a prime number?
True
Suppose -1072 = -4*n - g, -4*g = -n + 143 + 108. Let d(r) = -3*r**2 - 3*r - 28. Let f be d(-7). Let c = n + f. Is c a composite number?
False
Let c = -8811 - -71754. Is c a prime number?
False
Let h(q) = -11280*q - 1571. Is h(-5) a composite number?
False
Is (12/22)/((-268)/(-44) - 6) + 42031 a composite number?
True
Suppose 5*p - 24297 = -2*f, -306*f + 305*f + 3*p + 12154 = 0. Is f composite?
True
Let h(u) = u**2 + 1. Let q(g) = g**2 + 1. Let a(l) = -5*h(l) + 6*q(l). Let w be a(-2). Suppose 3*o + 4*s = 1221, 3*o + w*s = -2*o + 2040. Is o a prime number?
False
Let z(v) be the second derivative of 4013*v**3/6 - 14*v**2 - 166*v. Is z(1) a prime number?
False
Suppose 2*l + 47635 = 3*o, 20*o - 4*l + 63500 = 24*o. Is o a prime number?
True
Let j(v) = 523*v + 84. Let w be j(-11). Let d = 13908 - w. Is d prime?
True
Let q(p) = -1421*p + 2. Let y be q(-1). Let f = 903 - y. Let s = f - -1091. Is s prime?
True
Let c(q) be the second derivative of -30*q + 41/2*q**2 + 0 + 83/3*q**3. Is c(11) prime?
True
Suppose 2*n - 57408 = -4*n. Suppose z - 9564 = -2*j, -5*j = -3*j + 3*z - n. Let h = j + -2452. Is h a composite number?
True
Suppose 3*y - 2 - 28 = 0. Let v be ((-9)/(-2))/(5/y). Let g(c) = 28*c + 5. Is g(v) a composite number?
False
Let i(s) = 2*s - 40. Let a be i(18). Let r be a/3 - 24305/(-15). Let d = -645 + r. Is d a composite number?
True
Is (1126194/(-8))/(66/440*-5) prime?
True
Let a(o) = 2*o**3 - 39*o**2 + 2*o - 22. Let d be a(29). Suppose -5*y + d = -8620. Is y composite?
True
Suppose -16*w = -4*z - 20*w + 489528, 5*w = -2*z + 244749. Is z composite?
False
Suppose 0 = -0*o + 8*o - 384. Let y be (-1*(-2)/(-4))/((-8)/o). Suppose y*t + 2*t - 3*d = 2235, -2*d - 447 = -t. Is t composite?
True
Let u(f) = f**3 - 21*f**2 - 2*f + 42. Let c be u(21). Suppose c = -2*y - 2*q + 94, -3*q - 155 - 72 = -5*y. Is y a prime number?
False
Let r(a) = -a**3 - 3*a**2 - 9*a - 22. Let v be r(-3). Suppose -5*d + 2515 = -2*y + 7521, 4*y - 10012 = v*d. Is y prime?
True
Suppose 18161 - 4551 = 5*m. Suppose -3*x + 5*x - m = 0. Is x a composite number?
False
Let r = -130 - -120. Is 2958 + r*(6/(-15))/1 prime?
False
Let k(t) = -t**2 + 21*t - 99. Let h be k(13). Suppose 3*r = 5*r - h*j - 3381, 2*j = 10. Is r a prime number?
False
Let d = -16 + -61. Let o = 80 + d. Suppose -8*p + 12185 = -o*p. Is p prime?
True
Let n be 0 - -1*(-3 - -5). Suppose 77977 = 2*v - 3*x, 115083 = 4*v + n*x - 40831. Is v a composite number?
True
Let j = 16300 - 7449. Is j prime?
False
Let q(u) = 30*u**2 + 31*u + 113. Suppose 0 = -19*l + 16*l - 2*p + 80, -p = 3*l - 76. Is q(l) a prime number?
False
Suppose 3*u = 5*c + 15, 3*c - 7 - 3 = -2*u. Suppose 3*t = f + 11530, -5*t + 6*f - 4*f + 19215 = c. Is t a composite number?
True
Suppose 0*u + u + u = 0. Suppose u = -3*o + o + 2*m + 12, -4*o - 3*m + 3 = 0. Suppose -289 = o*y - 2194. Is y prime?
False
Suppose 1457655 - 4742514 = 29*u. Let y be (-6)/(-1 + (1 - -1)). Is u/(-34)*(-2)/y*2 prime?
True
Suppose -16 - 8 = -4*w. Suppose -2405 = -4*z + l + 1765, 3*l = w. Is z prime?
False
Suppose 3*z = -3*y + 37497, -5*z = y - 32099 - 30376. Is z prime?
False
Suppose -5*l + 1137*i + 81741 = 1138*i, 0 = 4*l - i - 65400. Is l a composite number?
False
Let v(m) = -3*m - 49. Let l(q) = 1. Let x(w) = -5*l(w) + v(w). Let n be x(-19). Suppose -3*t - 2*c - 149 + 898 = 0, 2*t - 521 = n*c. Is t a composite number?
True
Let n = 158265 - 72854. Is n a composite number?
False
Let b = -66215 - -101408. Is b composite?
True
Is 4988 + 0 + -3 + -9 + 13 prime?
False
Let i(z) = -6361*z - 5598. Is i(-5) composite?
True
Suppose 0 = 31*u - 6*u + 675. Is ((-1851)/(-9))/((-3)/u) a prime number?
False
Suppose 0 = k - 2*z - 21225 - 4028, -4*k - 5*z = -100934. Is k a prime number?
False
Suppose -182844 = -2*z + 4*y - 6*y, 3*z - 274271 = 2*y. Is z a prime number?
True
Let n be (5 - (-220)/(-50))/(1/15). Let q(i) = -i**3 + 10*i**2 - 12*i - 9. Let r be q(n). Is ((-4308)/r)/((-2)/(-6)*1) a composite number?
False
Let k(o) = o**3 - 10*o**2 + 26*o + 2. Let u be k(6). Suppose -4*s + u*s = 8390. Is s a prime number?
True
Suppose 1345 - 11585 = 5*g. Let t = g - -4251. Is t a composite number?
False
Is -3 - (4 + 13292425/(-30)) - 5/(-30) a prime number?
False
Let h be (-13)/((-260)/328) - 4/10. Suppose 4 = 5*w - h. Let o(m) = 12*m**3 - 5*m**2 + 8*m - 1. Is o(w) composite?
False
Let p be 594/(-4)*(120 - -8). Let g = 27019 + p. Is g composite?
False
Let x(b) be the first derivative of 283*b**3/3 - b**2/2 + 15*b + 105. Is x(14) a prime number?
True
Let k(l) = 8498*l**2 + 14*l + 31. Is k(-3) a composite number?
False
Suppose 10*m + 98152 - 13742 = 0. Let q = 12310 + m. Is q a composite number?
True
Let t(w) = -104*w**3 - 22*w**2 - 5*w + 32. Is t(-15) a prime number?
False
Suppose -18*m = -2*v - 14*m + 792834, 2*v - 792836 = 5*m. Is v prime?
True
Suppose 30 = -3*a + 39. Is (-14 + (-125)/(-10))*(-105134)/a a prime number?
True
Is 26/936*52851940 - (-5)/(90/(-8)) a composite number?
False
Let t(u) = -12078*u + 2267. Is t(-7) prime?
True
Let u(m) = 2663*m**2 + 78*m + 293. Is u(-4) composite?
False
Let i(s) = 22155*s**2 + 11*s - 225. Is i(-7) prime?
False
Let g = -688 + 681. Is 7 + 7/(g/(-78334)) prime?
True
Let z = 7570 + 5251. Is z a composite number?
False
Let z = 403393 + -104271. Is z a prime number?
False
Let k = -1043 - -432. Let n = k + 5306. Suppose -l = -4*g - n, 2*l - 3*g - 9399 = -4*g. Is l a composite number?
True
Suppose -4*j + 50 = -2*g, -5*g - 13 = -2*j - 0*j. Is (j + -13)*(1 + (1315 - -3)) prime?
True
Let v be (-2)/((-740)/(-250) + -3). Suppose v*y - 97935 = 45*y. Is y a prime number?
False
Let g be 41 + -6 + 20/5. Let h = g - 36. Suppose -5*s - w + 1799 = 0, 0 = h*s - 2*s + 4*w - 375. Is s a prime number?
True
Let l(s) = -3*s**2 - 5. Let j be l(-2). Let r = j - -19. Suppose 3*i - 117 = -r*w, 5*w - 89 = -0*i - 2*i. Is i prime?
True
Let a be (-2)/2*938/(-7). Let y = -132 + a. Suppose y*i = 175 + 1299. Is i composite?
True
Let j = -497 - -498. Is j/(248960/35565 + -7) a prime number?
False
Suppose c = -2*c + 3*y + 259344, -4*y = -20. Is c a composite number?
False
Let s(g) = -14*g - 81. Let k be s(-6). Suppose -b + 3298 = 2*j + k*b, 0 = -2*j + b + 3318. Is j a prime number?
True
Let r = 55516 - 22367. Is r composite?
False
Suppose -5*s = -2*d + 1253, 0 = -26*d + 31*d - s - 3144. Is d a prime number?
False
Let r(i) = -i**2 + 2*i + 2163. Let c(h) = 637*h + h**2 - 322*h - 318*h - 2164. Let k(t) = 4*c(t) + 5*r(t). Is k(0) composite?
True
Suppose i + 4*a = -470, -i - 3*i - 1940 = a. Let w = i - -1666. Suppose w = q - 181. Is q a prime number?
True
Let b be 10/(-15)*(-45)/10. Suppose 0*d - 3*d = -b. Is (-2 - d) + 1640 + 0 composite?
False
Let d(q) = 36*q**2 + 5 + 26*q**2 - 8*q + 10. Is d(2) prime?
False
Let z(c) = 6*c - 23. Let m be z(3). Is m*(-333 - (-12)/6) a prime number?
False
Let z(x) = -55*x - 2. Let c(t) = -t - 1. Let v(r) = 5*c(r) + z(r). Let y(b) = -2*b**2 + 18*b - 5. Let n be y(9). Is v(n) a prime number?
True
Let b(f) = f**3 - f**2 + 2*f + 818. Let m be b(0). Suppose 4*v = 5*v + m. Is v*(-5)/30*3 a prime number?
True
Suppose 11*l + 1256760 = 15*l. Is ((-4)/10)/((-36)/l) a composite number?
False
Suppose -5*r + 3*u + 8151 = 5*u, 2*u + 4881 = 3*r. Let c = r - -26. Is c a composite number?
True
Suppose 2*m + 3*s - 37767 - 48901 = 0, 30 = -5*s. Is m